ime number?
True
Suppose -6*t + t + 60 = -3*i, -i + 60 = 5*t. Suppose -5*u + 27900 = -0*r + 5*r, -u = -5*r + 27918. Is 4/(28/r) - t/21 a composite number?
False
Suppose 7514*q + 59685 = 7516*q - 38821. Is q prime?
True
Suppose 9275 = 5*l - 5*y, -1840 = -l + 78*y - 74*y. Suppose 19*f - 72103 = -l. Is f a composite number?
False
Is (-201519)/(9/(-1))*1 composite?
False
Suppose 105 = 19*t - 237. Suppose -3561 = t*y - 21*y. Is y prime?
True
Suppose -32*x - 26*x + 52*x = -10889454. Is x composite?
False
Suppose -78 = 2*i - 98. Let k be i*(-2 - 15/(-6)). Suppose -k*o = 2023 - 44118. Is o a prime number?
True
Suppose -759604 + 1812257 = 292*b - 1992031. Is b composite?
False
Suppose -471963 = -76*g + 2449705. Is g composite?
True
Suppose 25*p - 13*p + 57758 = 14*p. Is p a prime number?
True
Is (-3985252)/(-10) + (-4302)/(-2390) prime?
False
Suppose j - 24*c + 2321 = -20*c, 5*c = 2*j + 4657. Let s = 4880 + j. Is s prime?
True
Let r(o) = 30*o**2 - 30*o - 18. Let z be r(-12). Suppose 0*l - 2*l = -2*d + 4654, -4*l - z = -2*d. Is d a composite number?
True
Let c = -355 - -327. Is 33 + c - (-6256)/2 a prime number?
False
Let x be (-7)/9 + 4/(-18). Let f(u) be the first derivative of 213*u**3 - u**2/2 + u - 11. Is f(x) prime?
True
Let u(g) be the first derivative of 2*g**3/3 - 3*g**2 + 13*g + 5. Let b be u(8). Let c = 90 + b. Is c a composite number?
True
Let n(y) = -5*y + 63. Let g be n(12). Is (-11863)/((-22)/33 + (-1)/g) composite?
False
Suppose 3*a - 9342 - 9759 = 0. Is (-6 - (-17)/3) + a/3 a composite number?
True
Let o = 38927 - -11475. Suppose -257542 = -4*n - o. Is n composite?
True
Let o be (0 + -3 + 3)/2 - 722. Let q = 4777 + o. Is q composite?
True
Suppose -4*a - 1289691 = -r - 344379, 5*r = 5*a + 4726515. Suppose -233534 = 22*o - r. Is o composite?
False
Suppose 3*g - 24112 = -2*t + 3428, 0 = 2*t. Let i be (-8)/(-20) - 9744/(-15). Suppose 2*q - g = i. Is q a composite number?
True
Suppose 4*t - 281718 = 2*p, t - 62710 = -5*p + 7714. Is t prime?
True
Let u = 28864 - -17719. Is u a prime number?
False
Let l = 5425 - 6046. Let n(v) = -8*v**2 + 3*v - 8. Let t be n(-6). Let x = t - l. Is x a prime number?
True
Let z(j) = -8*j - 3 + 6*j - j + 656*j**2 - 2*j. Is z(-2) composite?
True
Let w = -271450 - -422231. Is w a composite number?
True
Suppose -58*p + 242431 + 597699 = 0. Is p composite?
True
Let c(y) = 180*y**2 + 38*y - 55. Let w be c(36). Suppose -7*s - 12*s = -w. Is s prime?
True
Let v(n) be the second derivative of n**4/12 + 4*n**3 + 9*n**2 + 10*n. Let t be v(-19). Let o = 422 - t. Is o prime?
True
Let i(x) = 2*x + 6. Let v be i(0). Let h be v/(-15) - (-1 + (-294)/10). Is 14424/h + 2/10 composite?
True
Is -1*((-27 - -3)/(-8) + 1 + -149253) composite?
False
Let t = 155 + -81. Let l = t + -69. Suppose 0 = 4*p - l*p + 254. Is p composite?
True
Let g(k) = 1452*k**3 - 19*k**2 + 62*k + 1. Is g(4) prime?
False
Is 0 + 69*1/((-3)/(-6089)) a prime number?
False
Let s be (-21 - -9)*(-2)/6. Suppose s*n - 2*o + 961 - 4915 = 0, 0 = 5*o - 5. Is n a composite number?
True
Let g(j) be the second derivative of j**4/6 - 2*j**3 + j**2 - 31*j. Let f = 41 - 19. Is g(f) composite?
True
Is ((0 - 0) + -2)/(22*(-3)/18615399) composite?
False
Let r be 349/2 + 1/(-2). Suppose 58*b + 1380 = 73*b. Let a = r - b. Is a a composite number?
True
Let v be 7438*(-2 - 11/(-6))*-3. Let a = v + 4532. Is a composite?
True
Let x = 370725 + -263162. Is x composite?
False
Let j be 46610/34 + 34/289. Let y = 1108 + j. Is y prime?
False
Suppose 4*d - 2*j = 169683 + 91609, 2*d = 5*j + 130654. Let f = -32049 + d. Is (f/(-18))/(((-15)/(-6))/(-5)) a prime number?
True
Let t(o) = -12588*o + 1469. Is t(-20) a composite number?
False
Let c be (-4)/(-14) + -4*8/112. Suppose -3*t + p + 12759 = -3*p, c = -4*t + 4*p + 17012. Is t a composite number?
False
Suppose -6 = -2*c - 4*j, 16*j - 19*j = -5*c + 15. Suppose -4*y = 5*l - 72032, -c*y + 2*l + 5008 = -49039. Is y prime?
True
Let a(u) = u + 2. Let f(h) = -5908*h - 27. Let c(q) = 5*a(q) - f(q). Is c(2) prime?
True
Suppose -p + 12832 = g, 1653*p - 38486 = 1650*p - g. Is p composite?
True
Let j = -1681 - -2872. Suppose -4*w + 9067 - j = 0. Is w a prime number?
False
Let p be (7716/4 + 8)*1. Suppose 0 = 9*j + 3*h - 17388, -j + p = -h + 3*h. Is j prime?
True
Suppose 4*s = 6*j - j - 14, 2*s = 3*j - 8. Suppose 22 = 5*b + j*i, -2*b - 3*b = -i - 19. Suppose b*r - 186 = 2*r. Is r prime?
False
Suppose 14*o - 64 = -2*o. Is 751 + o - 0/(2/(-2)) a composite number?
True
Let j be (-38)/((-3)/((-18)/(-4))). Let p be (744/1209)/(4/26). Suppose a - j = -i - 2*a, p*i = 2*a + 200. Is i a prime number?
False
Suppose -152*x + 155*x - 1597876 = 72725. Is x a prime number?
True
Let u(d) be the third derivative of d**6/120 + 2*d**5/5 + 5*d**3/6 + d**2. Let k be u(-24). Suppose 6*c - 1174 = k*c. Is c prime?
False
Let n(f) = -14272*f - 2473. Is n(-3) a prime number?
True
Let l = -242 + 197. Is (-23165)/l - 4/(-18) composite?
True
Let t be ((-5344)/(-20))/(12/30). Is -1 + -2 + t + (-6)/(-3) composite?
True
Suppose 82*i - 86*i = -92320. Suppose -i + 5875 = -5*h + 4*z, -2*h + 5*z = -6899. Is h a prime number?
False
Let m(b) = 3862*b**2 - 56*b + 29. Is m(4) composite?
True
Suppose 12 = -4*y, 16*z - 14*z + 4*y = 48896. Is z prime?
False
Let a = -23923 + 4251. Let u be 799/282 - (-28)/24. Is -5*a/16*u/10 a prime number?
True
Suppose 2*d - 13763 = -5*q, -11*d - q + 27481 = -7*d. Let y = d + -4410. Is y a prime number?
True
Let q = 7142 + -2952. Suppose 0 = 20*n - 25*n + q. Is n a prime number?
False
Suppose -3*v = -9, 3*a - 1279 = -a - 5*v. Let y(p) = -19 + 339*p + 0 - a*p - 36. Is y(19) prime?
False
Is ((-133682)/(-4))/((-297)/(-594)) a prime number?
True
Suppose 10 = -3*u + 2*u. Let k be 1*u*(-5)/(-10). Is (-2)/k + (-8799)/(-15) a prime number?
True
Suppose -12*n = 22*n - 808928. Suppose n = 5*w - 15803. Is w a composite number?
False
Let q(y) = 147940*y**2 - 30*y + 9. Is q(2) a prime number?
True
Let p(m) = -30*m + 31. Let v be p(-28). Let f = -509 + v. Is f composite?
True
Let g(h) = -865*h - 42. Let n be g(-5). Suppose o + 5*w = n, -5*o - 3*w + 21503 = -0*o. Is o composite?
True
Let f(g) = 2*g + 9 + 4 + 8 - 27. Let a be f(13). Is 1*-37*a/(-4) prime?
False
Let o(f) = 49*f**2 - 17*f - 37. Let s be -5 + 4/(-24) + 20/(-24). Is o(s) a composite number?
True
Suppose -5265445 = -184*a + 13819679 + 61569620. Is a prime?
True
Suppose -4*h = -3*w + 792, 0*w = 5*w + h - 1343. Suppose -w*d - 2833 = -269*d. Is d prime?
True
Suppose -5990 - 11522 = -11*v. Suppose c - 845 - v = 0. Is c a prime number?
True
Let a = -169713 + 243706. Is a a composite number?
True
Suppose 13*t - 101199 = 69062. Is t prime?
False
Suppose -67*b + 60*b = -120113. Is b a composite number?
False
Is (-11)/(((-48)/(-19959))/(-16)) composite?
True
Let r(l) = -2*l**3 + l**2 + 2. Let z be r(0). Suppose g - z*a - 1757 = -6*a, -2*a = 0. Is g prime?
False
Let l(a) = 0 + a**3 - 11*a**2 + 5 - 11*a + 0*a - a. Let m be l(12). Suppose 3*s + 1159 = m*p - 714, -3*s = -12. Is p composite?
True
Let h(v) = 5*v + 27. Let s be h(-4). Suppose -11875 - 11274 = -s*y. Is y a composite number?
False
Suppose 0 = 9*v - 18*v - 206532. Let j = 39791 + v. Is j a composite number?
False
Let d(c) = -c**2 - 5*c + 6. Let l be d(-7). Let n = l - -11. Suppose 2*a - 13699 = -2*a + n*w, 4*a = 2*w + 13702. Is a composite?
True
Let f(l) = -2 + 6 - 775*l + 10*l**2 - 776*l + 1554*l. Is f(3) a prime number?
True
Is ((-2378)/(-58))/(5/11735) prime?
False
Suppose -128*m + 249831932 = 212*m - 60517688. Is m prime?
False
Let i = -419 + 596. Let q = 480 - i. Let f = -86 + q. Is f composite?
True
Let i = 243 - 3323. Let d = i + 5713. Is d prime?
True
Let k be (-28)/21*(-4404)/8. Suppose 4*d - 590 = k. Is d a composite number?
False
Let q be ((-6)/3)/(1/(-5)). Suppose -2*k + q*k = 0. Suppose a - 2*a = -4*w - 85, 4*a - 4*w - 376 = k. Is a a prime number?
True
Let o(n) = -33 + 7348*n**2 - n + n + 57 - 25 + 2*n. Is o(1) composite?
False
Let l = 374 - 370. Suppose -4376 = -m + 4*n + 2753, 7113 = m + l*n. Is m composite?
False
Suppose 3*n - 26651 = -4*c, -3*n - 1753 + 28386 = -5*c. Is n prime?
False
Is (-23 - -40) + (-3225000)/(-2) composite?
False
Let p = -28501 + 44822. Let b = -8910 + p. Is b a composite number?
False
Let c be 755/(-2)*(-3)/(45/24). Suppose -14*q